t the prime factors of 3710.
2, 5, 7, 53
What are the prime factors of 108648?
2, 3, 503
What are the prime factors of 91434?
2, 3, 7, 311
List the prime factors of 578.
2, 17
What are the prime factors of 6729?
3, 2243
List the prime factors of 27047.
17, 37, 43
What are the prime factors of 821?
821
What are the prime factors of 4641?
3, 7, 13, 17
List the prime factors of 267.
3, 89
What are the prime factors of 9525?
3, 5, 127
What are the prime factors of 6971?
6971
What are the prime factors of 3503?
31, 113
What are the prime factors of 5510?
2, 5, 19, 29
List the prime factors of 20942.
2, 37, 283
What are the prime factors of 69722?
2, 71, 491
List the prime factors of 16995.
3, 5, 11, 103
List the prime factors of 8968.
2, 19, 59
What are the prime factors of 109865?
5, 7, 43, 73
List the prime factors of 29278.
2, 14639
List the prime factors of 37893.
3, 17, 743
List the prime factors of 13850.
2, 5, 277
List the prime factors of 1585.
5, 317
List the prime factors of 1792.
2, 7
List the prime factors of 91544.
2, 11443
What are the prime factors of 89600?
2, 5, 7
What are the prime factors of 21246?
2, 3, 3541
List the prime factors of 42273.
3, 7, 11, 61
List the prime factors of 1648.
2, 103
What are the prime factors of 486?
2, 3
What are the prime factors of 3565?
5, 23, 31
List the prime factors of 2078.
2, 1039
What are the prime factors of 1436?
2, 359
List the prime factors of 1681.
41
What are the prime factors of 85829?
85829
List the prime factors of 285.
3, 5, 19
What are the prime factors of 430?
2, 5, 43
What are the prime factors of 46332?
2, 3, 11, 13
What are the prime factors of 772?
2, 193
What are the prime factors of 4785?
3, 5, 11, 29
What are the prime factors of 12469?
37, 337
List the prime factors of 989.
23, 43
List the prime factors of 2001.
3, 23, 29
List the prime factors of 75.
3, 5
List the prime factors of 97406.
2, 113, 431
What are the prime factors of 7471?
31, 241
List the prime factors of 403.
13, 31
What are the prime factors of 726?
2, 3, 11
List the prime factors of 65889.
3, 7321
List the prime factors of 2624.
2, 41
What are the prime factors of 1453?
1453
List the prime factors of 5437.
5437
What are the prime factors of 9987?
3, 3329
List the prime factors of 3.
3
List the prime factors of 2966.
2, 1483
What are the prime factors of 771?
3, 257
What are the prime factors of 3571?
3571
What are the prime factors of 16651?
16651
List the prime factors of 6183.
3, 229
List the prime factors of 6296.
2, 787
What are the prime factors of 308?
2, 7, 11
What are the prime factors of 759?
3, 11, 23
What are the prime factors of 65311?
241, 271
List the prime factors of 35465.
5, 41, 173
What are the prime factors of 1241?
17, 73
What are the prime factors of 152569?
29, 5261
What are the prime factors of 13148?
2, 19, 173
List the prime factors of 6866.
2, 3433
List the prime factors of 2619.
3, 97
List the prime factors of 6215.
5, 11, 113
What are the prime factors of 6373?
6373
List the prime factors of 10696.
2, 7, 191
List the prime factors of 1349.
19, 71
What are the prime factors of 64236?
2, 3, 53, 101
List the prime factors of 24685.
5, 4937
List the prime factors of 6360.
2, 3, 5, 53
List the prime factors of 9010.
2, 5, 17, 53
List the prime factors of 48946.
2, 24473
List the prime factors of 3638.
2, 17, 107
What are the prime factors of 368?
2, 23
List the prime factors of 261.
3, 29
What are the prime factors of 2121?
3, 7, 101
What are the prime factors of 39753?
3, 7, 631
List the prime factors of 7756.
2, 7, 277
List the prime factors of 2799.
3, 311
What are the prime factors of 7154?
2, 7, 73
List the prime factors of 806.
2, 13, 31
What are the prime factors of 6221?
6221
List the prime factors of 11693.
11, 1063
What are the prime factors of 1059?
3, 353
List the prime factors of 5657.
5657
What are the prime factors of 7281?
3, 809
List the prime factors of 34033.
34033
What are the prime factors of 2476?
2, 619
What are the prime factors of 5674?
2, 2837
List the prime factors of 6016.
2, 47
What are the prime factors of 28511?
7, 4073
List the prime factors of 17968.
2, 1123
What are the prime factors of 11808?
2, 3, 41
List the prime factors of 2067.
3, 13, 53
What are the prime factors of 41?
41
What are the prime factors of 55988?
2, 13997
List the prime factors of 16291.
11, 1481
List the prime factors of 10540.
2, 5, 17, 31
List the prime factors of 311.
311
What are the prime factors of 127?
127
What are the prime factors of 100?
2, 5
List the prime factors of 619.
619
What are the prime factors of 2292?
2, 3, 191
List the prime factors of 2434.
2, 1217
List the prime factors of 1098.
2, 3, 61
List the prime factors of 139548.
2, 3, 29, 401
What are the prime factors of 365?
5, 73
What are the prime factors of 12487?
12487
List the prime factors of 750.
2, 3, 5
What are the prime factors of 2345?
5, 7, 67
What are the prime factors of 1837?
11, 167
List the prime factors of 1169.
7, 167
List the prime factors of 10490.
2, 5, 1049
What are the prime factors of 13114?
2, 79, 83
What are the prime factors of 2060?
2, 5, 103
What are the prime factors of 6877?
13, 23
What are the prime factors of 20764?
2, 29, 179
What are the prime factors of 27427?
27427
List the prime factors of 839.
839
List the prime factors of 22985.
5, 4597
List the prime factors of 3104.
2, 97
What are the prime factors of 2378?
2, 29, 41
List the prime factors of 130764.
2, 3, 17, 641
List the prime factors of 23260.
2, 5, 1163
What are the prime factors of 16929?
3, 11, 19
What are the prime factors of 2186?
2, 1093
List the prime factors of 230.
2, 5, 23
What are the prime factors of 84075?
3, 5, 19, 59
List the prime factors of 35843.
73, 491
List the prime factors of 1041.
3, 347
List the prime factors of 57222.
2, 3, 11, 17
What are the prime factors of 53250?
2, 3, 5, 71
What are the prime factors of 322?
2, 7, 23
What are the prime factors of 6?
2, 3
What are the prime factors of 16290?
2, 3, 5, 181
What are the prime factors of 17013?
3, 53, 107
List the prime factors of 23281.
31, 751
List the prime factors of 2885.
5, 577
What are the prime factors of 240?
2, 3, 5
What are the prime factors of 46694?
2, 37, 631
List the prime factors of 359.
359
List the prime factors of 871.
13, 67
What are the prime factors of 325?
5, 13
What are the prime factors of 9212?
2, 7, 47
List the prime factors of 696.
2, 3, 29
What are the prime factors of 8544?
2, 3, 89
List the prime factors of 2388.
2, 3, 199
What are the prime factors of 1204?
2, 7, 43
List the prime factors of 10198.
2, 5099
List the prime factors of 964.
2, 241
List the prime factors of 3957.
3, 1319
List the prime factors of 518.
2, 7, 37
What are the prime factors of 65?
5, 13
List the prime factors of 3041.
3041
What are the prime factors of 5546?
2, 47, 59
What are the prime factors of 1417?
13, 109
What are the prime factors of 2726?
2, 29, 47
What are the prime factors of 6290?
2, 5, 17, 37
List the prime factors of 89801.
89, 1009
List the prime factors of 58120.
2, 5, 1453
List the prime factors of 36432.
2, 3, 11, 23
List the prime factors of 1394.
2, 17, 41
List the prime factors of 2547.
3, 283
What are the prime factors of 1056?
2, 3, 11
What are the prime factors of 2942?
2, 1471
What are the prime factors of 10152?
2, 3, 47
List the prime factors of 2707.
2707
What are the prime factors of 1431?
3, 53
What are the prime factors of 46?
2, 23
List the prime factors of 36052.
2, 9013
What are the prime factors of 13576?
2, 1697
What are the prime factors of 13451?
13451
What are the prime factors of 1121?
19, 59
List the prime factors of 31740.
2, 3, 5, 23
List the prime factors of 525.
3, 5, 7
List the prime factors of 8541.
3, 13, 73
List the prime factors of 1471.
1471
List the prime factors of 1482.
2, 3, 13, 19
List the prime factors of 117645.
3, 5, 11, 23, 31
List the prime factors of 186.
2, 3, 31
What are the prime factors of 1822?
2, 911
What are the prime factors of 1324?
2, 331
List the prime factors of 41477.
19, 37, 59
List the prime factors of 1171.
1171
List the prime factors of 100918.
2, 50459
What are the prime factors of 423?
3, 47
What are the prime factors of 1446?
2, 3, 241
What are the prim